Suppose l = -3*l + 244. Suppose 7*b - 2829 = 2*b - 6*o, 1132 = 2*b + 2*o. Suppose 4*k - l = b. Is k composite?
False
Suppose -3*f - 32 = -7*f, -2*f + 322452 = 4*w. Is w composite?
True
Let b(v) = -v**2 - 6*v + 7. Let u be b(-7). Let l(w) be the first derivative of w**3/3 + w**2 + 13*w - 3. Is l(u) prime?
True
Let q(w) = 1945*w**2 + 6*w + 4. Suppose -4*k + c - 7 = -0*c, -3 = -c. Is q(k) prime?
False
Let f = 416 + -416. Suppose f = 3*w + 5*q - 22942, -6*w - 22943 = -9*w - 4*q. Is w prime?
True
Let l = 46207 - -1216462. Is l a prime number?
True
Let g(v) = -15254*v + 733. Is g(-14) composite?
True
Let g(s) = -2649*s + 80. Is g(-41) composite?
True
Suppose 5*h - 2*r = r + 130850, 0 = -h + r + 26172. Is h composite?
True
Let s = -104 + 1. Let i = s + 133. Suppose -3*j + i = -36. Is j a prime number?
False
Let k(g) = 5258*g - 29. Let j(f) = -41*f - 121. Let r be j(-3). Is k(r) a composite number?
False
Let l be 4155 + (0 + 4 - 2). Let i = 554 + l. Is i composite?
True
Suppose 4*d + 4*f - 264 = 3092, -4*f = 0. Let w = d + -500. Is w a prime number?
False
Suppose 4*p - 143517 - 234434 = s, 3*s = -9. Is p composite?
True
Let a(d) = -2307*d + 117. Is a(-16) composite?
True
Suppose 9*x - 8*x = 13. Let m(u) = -8 - 3 + x + 72*u + 3. Is m(3) a composite number?
True
Let q(u) = -36*u - 31. Let n be q(-1). Is 5159 - n - 3/1 - 4 prime?
True
Let h(f) = -13*f + 96. Let l be h(7). Suppose 2*c + 3691 = l*m, 9*c + 743 = m + 11*c. Is m prime?
True
Suppose -1021*i = -1010*i - 2269751. Is i composite?
False
Let w(m) = 15*m**2 - 2*m + 3. Let a be w(-3). Suppose 0 = 48*x + 64*x - 560. Suppose -3*n + 1299 = -3*y, 2*n - 710 - a = x*y. Is n a composite number?
True
Let p(h) = -h**3 + 29*h**2 + 12*h + 19. Let s be 6/(-33) - (390/33 + 0). Is p(s) prime?
True
Let j = 646 - 40. Suppose 2*y - 4930 = -x, y - j = 2*x + 1849. Is y a composite number?
True
Let a(r) = -106*r - 13 + 0 - 67*r + 195*r. Suppose -6 = -3*k + 12. Is a(k) a composite number?
True
Suppose 3*d + 3*l - 1935157 = l, d + 4*l - 645049 = 0. Is d prime?
False
Let h = 364347 - 243136. Is h a prime number?
False
Is 23/(-3*(-4)/26916) prime?
False
Let f = -110 + 112. Let n be 4 - (8/(-4) + f). Suppose -n*r - 281 = -3*z, -102 = -6*z + 5*z + 3*r. Is z a prime number?
False
Let g be (52/3)/(10/15). Let s = g + 9. Is 3/(-15) + 16772/s composite?
False
Let n(z) = -4*z - 444*z**2 + 6*z + 4 + z - 97*z**2. Let x be n(-2). Let g = x + 8039. Is g a prime number?
False
Let d(g) = 792771*g - 1922. Is d(1) a prime number?
False
Let u = 1370639 - -260570. Is u prime?
True
Let n(x) = -402*x**3 - 3*x**2 - 15*x - 19. Is n(-5) prime?
True
Let o be (4/6)/(2*(-1)/(-4719)). Suppose r = -0*r + 2*d + o, 5*r - 7883 = 4*d. Is r prime?
True
Let q(v) = v**2 + 272*v - 3812. Is q(167) composite?
True
Let c = 34 - 59. Let b be (c/3)/(2/(-138)). Suppose -r - 1146 = -3*r + 5*f, 0 = -r + 2*f + b. Is r composite?
True
Suppose r + v - 449797 = 0, 15*v = -3*r + 20*v + 1349343. Is r a composite number?
True
Suppose l - 51 = -39. Suppose 0 = -l*g + 56092 - 20824. Is g a composite number?
False
Let g(x) = 154*x - 23. Let z be (-16 - 11)*2/(-6). Suppose p + 0*p + 2*n = 8, -p - n + z = 0. Is g(p) a composite number?
True
Suppose 44*x + 18 = 50*x. Suppose 3*j - 5*y - 53374 + 20492 = 0, -x*j - 2*y = -32917. Is j a composite number?
True
Let g = -38062 - -87035. Is g composite?
False
Suppose -81*a = -79*a + 124. Let o = a + 64. Suppose 0*i + o*i = k - 853, 2*k + 3*i - 1699 = 0. Is k composite?
True
Let t(n) = 50*n**2 - 27*n + 30. Let j be t(13). Let z = j + -876. Is z prime?
True
Suppose -102*f + 6 = -99*f. Suppose -f*b = k - 2833, k - 6*k - 2839 = -2*b. Is b a composite number?
True
Let o = -17 + 60. Let a = 465 - 465. Suppose a = s - 256 + o. Is s prime?
False
Let l be -1*(0 + -23 + 25). Let z(k) = -1. Let w(i) = -1482*i**2 + 2*i + 5. Let m(g) = -w(g) + 4*z(g). Is m(l) composite?
False
Is 6612/342*(-2906)/(-3)*(-18)/(-8) a composite number?
True
Let l(c) = 2*c - 34. Let n be l(18). Suppose 0 = -0*j + 2*j - 2*w + n, 4*j + 3*w = 24. Suppose m + j*t = 1540, -5*m + 7649 = -0*t - 2*t. Is m composite?
False
Is (-4)/(40/(-45)) + (-44754752)/(-128) a prime number?
False
Let u(y) = y + 8. Let m be u(13). Suppose -m = -t - 9. Is (-8)/t + 7628/12 a composite number?
True
Suppose 5*o = -5*w + 40, 5*w + 2*o - 35 = -2*o. Suppose -w*y - k - 18814 = 3*k, 4*y + 2*k + 25082 = 0. Let v = y - -10463. Is v a composite number?
True
Let l = -15 - -20. Let t(o) = -460*o**2 + 6*o + 17. Let g(u) = -307*u**2 + 4*u + 11. Let n(j) = l*t(j) - 8*g(j). Is n(-1) a prime number?
False
Let f(d) = 9*d**2 - 71*d + 579. Is f(79) a composite number?
True
Suppose -g - 86 = -93, 5*a + 4*g - 1781963 = 0. Is a a prime number?
True
Let c = 187734 - 90745. Is c composite?
False
Let z(w) = w**3 + w - 3733. Let f be z(0). Let q be -5 - 4/(-1) - f. Let a = q + -2581. Is a a prime number?
True
Suppose -18*d - 554884 + 1715923 = -1404519. Is d a composite number?
True
Let z(a) = -51*a**3 + 9*a**2 - a + 99. Let v(r) = -25*r**3 + 5*r**2 - r + 50. Let c(t) = -5*v(t) + 3*z(t). Is c(-5) composite?
True
Let j(p) = p**3 + p - 10. Let w be j(2). Suppose 6170 = 4*v - 14*m + 12*m, w = -3*v + 2*m + 4627. Is v a prime number?
True
Let q = 146 - 143. Suppose -4*s + 5596 + 3060 = 0. Suppose -s = -7*j + q*j. Is j composite?
False
Let y = 252810 - 71983. Is y a composite number?
True
Let b(c) = -20*c - 90. Let i be b(-5). Suppose -5*a + 18399 = -4*p, -5*a + 6*p - i*p = -18431. Is a a composite number?
True
Let m be ((-1120)/(-21) - 4)/((-2)/(-9)). Suppose -4*n = 3*j - m, j - 303 = -3*j - 3*n. Suppose -j = 4*q - 10*q. Is q a prime number?
True
Is -8 - (-84244 - -3 - 8) a composite number?
True
Let f(a) = 6297*a - 223. Is f(13) prime?
False
Suppose 2*a + 0*t + 5 = 3*t, -2*a = -t - 1. Let q(s) = 6 + 4 + 30*s - s**a - 44*s. Is q(-7) prime?
True
Let l = 611649 - 414170. Is l composite?
False
Is (72356 - 19) + 5/35*0 composite?
False
Suppose 385*f = 383*f - s + 124714, 4*s = 3*f - 187071. Is f composite?
True
Suppose 8*q + 2*j + 1 = 3*q, j - 3 = q. Let y(s) = -1 + 17*s**2 - 233*s**3 - 17*s**2 - 225*s**3 - 3*s - 3. Is y(q) composite?
False
Let m(l) = -253*l + 5 + 0 - 54. Let w be -6*1 + 65/(-325) + (-1)/(-5). Is m(w) composite?
True
Is ((-354)/24)/((20/35792)/(-5)) composite?
True
Is 164695 + 3*24/(-36) a composite number?
True
Let j(q) = -165 - 176 - 175 + 23*q - 174 + 709 + 6*q**2. Let z(l) = l**3 + 6*l**2 + 7*l + 1. Let i be z(-5). Is j(i) a composite number?
True
Let v = 122422 + 50709. Is v a composite number?
True
Suppose 5*g = -0*g + 250. Let x = g + -50. Suppose o - 1880 = f, x = 4*f + 4 - 16. Is o a composite number?
True
Let j(f) = 103*f**2 + 2017*f - 77. Is j(66) a prime number?
False
Let a be 57/(-12) + 5 - 151/(-4). Suppose 0 = -5*g - a + 58. Let v(o) = 11*o**3 - 3*o**2 - 6*o + 3. Is v(g) a composite number?
True
Let m = -9145 - -26954. Is m composite?
True
Let v be 3/(-18) - 237/(-18). Let y(a) = a**2 - 14*a + 44. Is y(v) a composite number?
False
Suppose 211614 = 32*q - 1285935 + 22253. Is q composite?
False
Suppose 3 = -3*s + a - 2*a, -s + 5*a - 17 = 0. Is -1 + 739025/28 + s/(-8) a composite number?
False
Let f = 1139972 - 792123. Is f a composite number?
False
Let c(g) = 11*g + 125. Let z be c(-11). Suppose 2*b = 5 - 3, z*j + 5*b - 4041 = 0. Is j a prime number?
True
Let n = 35244 + 21829. Is n composite?
False
Let g(y) = 12*y**3 - 25*y**2 + 82*y - 77. Is g(10) prime?
True
Suppose -f + 132049 = 3*k, 3*f = 4*k - 39329 - 136745. Is k a prime number?
True
Suppose 0 = -40*z + 1257830 + 2474450. Is z composite?
False
Suppose 15*p = 2637 + 89538. Suppose 2*i - p = -h + 2602, h - 3*i = 8732. Is h a composite number?
False
Suppose 65*q = 109*q + 127145 - 3429741. Is q composite?
True
Suppose -3*b = -0*b. Let f = -2519 - -2522. Suppose b*r - f*r = 2*q - 365, -4*r - 166 = -q. Is q a composite number?
True
Suppose -3*n = 14*n + 17. Is 6520 - n - (4 - 4/1) composite?
False
Suppose v - 3 = -2*g, -13 + 1 = -5*g + 2*v. Suppose 3*i - 2*o = -3*o + 13, -5*i + g*o + 7 = 0. Suppose 0 = -4*r - i*r + 371. Is r a prime number?
True
Suppose -z + 8*n - 9*n = -171057, -4*z - 5*n + 684224 = 0. Is z composite?
True
Let n = 9650 - 5089. Is n composite?
False
Let n(o) = 769*o**2 + o - 419. Is n(-16) prime?
True
Is 177039/18*22/3 - -6 comp